{"id":40,"date":"2014-05-26T19:00:34","date_gmt":"2014-05-26T16:00:34","guid":{"rendered":"http:\/\/whm13.louhi.net\/~martva\/?page_id=40"},"modified":"2017-02-20T19:48:45","modified_gmt":"2017-02-20T17:48:45","slug":"2005-2","status":"publish","type":"page","link":"https:\/\/www.martva.fi\/?page_id=40","title":{"rendered":"2005"},"content":{"rendered":"<p>TEEMA:&#8221;Kasvu&#8221;<\/p>\n<p>15.-17.7.2005<br \/>\n&#8220;Carpe Diem&#8221; Avauskonsertti Kiteesalissa esitt\u00e4jin\u00e4 Susanna Haavisto ja Anna-Mari K\u00e4h\u00e4r\u00e4.<\/p>\n<div id=\"attachment_186\" style=\"width: 224px\" class=\"wp-caption alignnone\"><a href=\"http:\/\/www.martva.fi\/wp-content\/uploads\/2014\/05\/susanna_haavisto_333x487.png\"><img loading=\"lazy\" decoding=\"async\" aria-describedby=\"caption-attachment-186\" class=\"size-medium wp-image-186\" src=\"http:\/\/www.martva.fi\/wp-content\/uploads\/2014\/05\/susanna_haavisto_333x487-214x300.png\" alt=\"\" width=\"214\" height=\"300\" srcset=\"https:\/\/www.martva.fi\/wp-content\/uploads\/2014\/05\/susanna_haavisto_333x487-214x300.png 214w, https:\/\/www.martva.fi\/wp-content\/uploads\/2014\/05\/susanna_haavisto_333x487.png 333w\" sizes=\"auto, (max-width: 214px) 100vw, 214px\" \/><\/a><p id=\"caption-attachment-186\" class=\"wp-caption-text\">Susanna Haavisto<\/p><\/div>\n<p>Kirjailijavieraina mm. Hannu Raittila, Mari M\u00f6r\u00f6, Esko-Pekka Tiitinen, Torsti Lehtinen.<\/p>\n<div id=\"attachment_187\" style=\"width: 303px\" class=\"wp-caption alignnone\"><a href=\"http:\/\/www.martva.fi\/wp-content\/uploads\/2014\/05\/469px-Hannu_Raittila.jpg\"><img loading=\"lazy\" decoding=\"async\" aria-describedby=\"caption-attachment-187\" class=\"size-medium wp-image-187\" src=\"http:\/\/www.martva.fi\/wp-content\/uploads\/2014\/05\/469px-Hannu_Raittila-293x300.jpg\" alt=\"\" width=\"293\" height=\"300\" srcset=\"https:\/\/www.martva.fi\/wp-content\/uploads\/2014\/05\/469px-Hannu_Raittila-293x300.jpg 293w, https:\/\/www.martva.fi\/wp-content\/uploads\/2014\/05\/469px-Hannu_Raittila.jpg 469w\" sizes=\"auto, (max-width: 293px) 100vw, 293px\" \/><\/a><p id=\"caption-attachment-187\" class=\"wp-caption-text\">Hannu Raittila<\/p><\/div>\n<p>Tienristin puistikossa Vesi -patsaalla tanssiesitys esitt\u00e4jin\u00e4 Jari Karttunen ja Pauliina Ruhanen<br \/>\nKiteen kirkosssa &#8220;Tein kirjoista sillan&#8221; konsertti yhdess\u00e4 Puhoksen musiikkileirikoulun kanssa.<\/p>\n<p>Elet\u00e4\u00e4n vuotta 2005. Maruknoilla saa &#8220;Kasvu&#8221; aikaan keskustelu.<br \/>\nMukana on kirjailija Hannu Raittila, jonka n\u00e4kemykset kasvusta ovat eritt\u00e4in mielenkiintoiset ja syv\u00e4n pohdiskelun luotsaamat.<br \/>\nVastakohdan h\u00e4nelle antaa kirjailija Torsti Lehtinen,<br \/>\njonka koskettava kerronta filosofisen ja henkisen kasvun kautta j\u00e4tt\u00e4\u00e4 j\u00e4ljen jokaiseen.<\/p>\n<div id=\"attachment_123\" style=\"width: 101px\" class=\"wp-caption alignnone\"><a href=\"http:\/\/whm13.louhi.net\/~martva\/wp-content\/uploads\/2014\/05\/torsti-lehtinen.jpg\"><img loading=\"lazy\" decoding=\"async\" aria-describedby=\"caption-attachment-123\" class=\"size-full wp-image-123\" src=\"http:\/\/whm13.louhi.net\/~martva\/wp-content\/uploads\/2014\/05\/torsti-lehtinen.jpg\" alt=\"Kirjailija Torsti Lehtinen\" width=\"91\" height=\"122\" \/><\/a><p id=\"caption-attachment-123\" class=\"wp-caption-text\">Kirjailija Torsti Lehtinen<\/p><\/div>\n<p>&nbsp;<\/p>\n<p>Kuvat:<\/p>\n<p>Susanna Haavisto: Tanja Ahola<\/p>\n<p>Hannu Raittila: By Soppakanuuna &#8211; Oma teos, CC BY-SA 3.0, https:\/\/commons.wikimedia.org\/w\/index.php?curid=6258230<\/p>\n","protected":false},"excerpt":{"rendered":"<p>TEEMA:&#8221;Kasvu&#8221; 15.-17.7.2005 &#8220;Carpe Diem&#8221; Avauskonsertti Kiteesalissa esitt\u00e4jin\u00e4 Susanna Haavisto ja Anna-Mari K\u00e4h\u00e4r\u00e4. Kirjailijavieraina mm. Hannu Raittila, Mari M\u00f6r\u00f6, Esko-Pekka Tiitinen, Torsti Lehtinen. Tienristin puistikossa Vesi -patsaalla tanssiesitys esitt\u00e4jin\u00e4 Jari Karttunen ja Pauliina Ruhanen Kiteen kirkosssa &#8220;Tein kirjoista sillan&#8221; konsertti yhdess\u00e4 Puhoksen musiikkileirikoulun kanssa. Elet\u00e4\u00e4n vuotta 2005. Maruknoilla saa &#8220;Kasvu&#8221; aikaan keskustelu. Mukana on kirjailija Hannu [&hellip;]<\/p>\n","protected":false},"author":1,"featured_media":0,"parent":28,"menu_order":40,"comment_status":"closed","ping_status":"closed","template":"","meta":{"footnotes":""},"class_list":["post-40","page","type-page","status-publish","hentry"],"_links":{"self":[{"href":"https:\/\/www.martva.fi\/index.php?rest_route=\/wp\/v2\/pages\/40","targetHints":{"allow":["GET"]}}],"collection":[{"href":"https:\/\/www.martva.fi\/index.php?rest_route=\/wp\/v2\/pages"}],"about":[{"href":"https:\/\/www.martva.fi\/index.php?rest_route=\/wp\/v2\/types\/page"}],"author":[{"embeddable":true,"href":"https:\/\/www.martva.fi\/index.php?rest_route=\/wp\/v2\/users\/1"}],"replies":[{"embeddable":true,"href":"https:\/\/www.martva.fi\/index.php?rest_route=%2Fwp%2Fv2%2Fcomments&post=40"}],"version-history":[{"count":4,"href":"https:\/\/www.martva.fi\/index.php?rest_route=\/wp\/v2\/pages\/40\/revisions"}],"predecessor-version":[{"id":188,"href":"https:\/\/www.martva.fi\/index.php?rest_route=\/wp\/v2\/pages\/40\/revisions\/188"}],"up":[{"embeddable":true,"href":"https:\/\/www.martva.fi\/index.php?rest_route=\/wp\/v2\/pages\/28"}],"wp:attachment":[{"href":"https:\/\/www.martva.fi\/index.php?rest_route=%2Fwp%2Fv2%2Fmedia&parent=40"}],"curies":[{"name":"wp","href":"https:\/\/api.w.org\/{rel}","templated":true}]}}

<p>TEEMA:&#8221;Kasvu&#8221;</p>
<p>15.-17.7.2005<br />
&#8220;Carpe Diem&#8221; Avauskonsertti Kiteesalissa esittäjinä Susanna Haavisto ja Anna-Mari Kähärä.</p>
<div id="attachment_186" style="width: 224px" class="wp-caption alignnone"><a href="http://www.martva.fi/wp-content/uploads/2014/05/susanna_haavisto_333x487.png"><img loading="lazy" decoding="async" aria-describedby="caption-attachment-186" class="size-medium wp-image-186" src="http://www.martva.fi/wp-content/uploads/2014/05/susanna_haavisto_333x487-214x300.png" alt="" width="214" height="300" srcset="https://www.martva.fi/wp-content/uploads/2014/05/susanna_haavisto_333x487-214x300.png 214w, https://www.martva.fi/wp-content/uploads/2014/05/susanna_haavisto_333x487.png 333w" sizes="auto, (max-width: 214px) 100vw, 214px" /></a><p id="caption-attachment-186" class="wp-caption-text">Susanna Haavisto</p></div>
<p>Kirjailijavieraina mm. Hannu Raittila, Mari Mörö, Esko-Pekka Tiitinen, Torsti Lehtinen.</p>
<div id="attachment_187" style="width: 303px" class="wp-caption alignnone"><a href="http://www.martva.fi/wp-content/uploads/2014/05/469px-Hannu_Raittila.jpg"><img loading="lazy" decoding="async" aria-describedby="caption-attachment-187" class="size-medium wp-image-187" src="http://www.martva.fi/wp-content/uploads/2014/05/469px-Hannu_Raittila-293x300.jpg" alt="" width="293" height="300" srcset="https://www.martva.fi/wp-content/uploads/2014/05/469px-Hannu_Raittila-293x300.jpg 293w, https://www.martva.fi/wp-content/uploads/2014/05/469px-Hannu_Raittila.jpg 469w" sizes="auto, (max-width: 293px) 100vw, 293px" /></a><p id="caption-attachment-187" class="wp-caption-text">Hannu Raittila</p></div>
<p>Tienristin puistikossa Vesi -patsaalla tanssiesitys esittäjinä Jari Karttunen ja Pauliina Ruhanen<br />
Kiteen kirkosssa &#8220;Tein kirjoista sillan&#8221; konsertti yhdessä Puhoksen musiikkileirikoulun kanssa.</p>
<p>Eletään vuotta 2005. Maruknoilla saa &#8220;Kasvu&#8221; aikaan keskustelu.<br />
Mukana on kirjailija Hannu Raittila, jonka näkemykset kasvusta ovat erittäin mielenkiintoiset ja syvän pohdiskelun luotsaamat.<br />
Vastakohdan hänelle antaa kirjailija Torsti Lehtinen,<br />
jonka koskettava kerronta filosofisen ja henkisen kasvun kautta jättää jäljen jokaiseen.</p>
<div id="attachment_123" style="width: 101px" class="wp-caption alignnone"><a href="http://whm13.louhi.net/~martva/wp-content/uploads/2014/05/torsti-lehtinen.jpg"><img loading="lazy" decoding="async" aria-describedby="caption-attachment-123" class="size-full wp-image-123" src="http://whm13.louhi.net/~martva/wp-content/uploads/2014/05/torsti-lehtinen.jpg" alt="Kirjailija Torsti Lehtinen" width="91" height="122" /></a><p id="caption-attachment-123" class="wp-caption-text">Kirjailija Torsti Lehtinen</p></div>
<p>&nbsp;</p>
<p>Kuvat:</p>
<p>Susanna Haavisto: Tanja Ahola</p>
<p>Hannu Raittila: By Soppakanuuna &#8211; Oma teos, CC BY-SA 3.0, https://commons.wikimedia.org/w/index.php?curid=6258230</p>

<p>TEEMA:&#8221;Kasvu&#8221; 15.-17.7.2005 &#8220;Carpe Diem&#8221; Avauskonsertti Kiteesalissa esittäjinä Susanna Haavisto ja Anna-Mari Kähärä. Kirjailijavieraina mm. Hannu Raittila, Mari Mörö, Esko-Pekka Tiitinen, Torsti Lehtinen. Tienristin puistikossa Vesi -patsaalla tanssiesitys esittäjinä Jari Karttunen ja Pauliina Ruhanen Kiteen kirkosssa &#8220;Tein kirjoista sillan&#8221; konsertti yhdessä Puhoksen musiikkileirikoulun kanssa. Eletään vuotta 2005. Maruknoilla saa &#8220;Kasvu&#8221; aikaan keskustelu. Mukana on kirjailija Hannu [&hellip;]</p>
